+ 57*g - 81. Give w(27).
0
Let t(x) = -8*x - 114. Give t(-18).
30
Let l(m) = -m**2 + 5*m - 3. What is l(1)?
1
Let i(p) = -p + 7. What is i(7)?
0
Let x(l) = -10*l - 2. What is x(-2)?
18
Let a(z) = -2*z**2 - 3*z - 14. Determine a(-4).
-34
Let b(r) = 2*r + 28. Give b(-8).
12
Let l(j) = 23*j + 16. What is l(-1)?
-7
Let d(u) = -4*u + 12. What is d(4)?
-4
Let m(y) = -y**2 + y - 1. Calculate m(4).
-13
Let i(f) = 3*f**3 + 34*f**2 - 23*f + 16. What is i(-12)?
4
Let s(u) = u**2 + 19*u - 6. Give s(-19).
-6
Let d(x) = -2*x**3 - 24*x**2 - 3*x - 29. What is d(-12)?
7
Let g(z) = 8*z - 5. Calculate g(-5).
-45
Let k(h) = 50*h**3 + h**2 + 2*h + 1. Determine k(-1).
-50
Let i(d) = -2*d + 2. Calculate i(-2).
6
Let d(j) = -34*j - 3. Give d(1).
-37
Let v(w) = 4*w + 2. Determine v(5).
22
Let v(k) = k**2 + 19*k + 98. Calculate v(-14).
28
Let i(t) = -t**3 - 8*t**2 - 15*t - 1. Give i(-4).
-5
Let f(k) = -9*k**2 + 5*k + 13. Give f(-2).
-33
Let f(k) = -k**2 - 12*k - 6. Determine f(-11).
5
Let y(s) = -s**3 - 23*s**2 - 24*s - 38. Calculate y(-22).
6
Let t(j) = -14*j - 1. What is t(-1)?
13
Let c(q) = q**2 - 19*q - 20. Determine c(19).
-20
Let w(i) = 2*i + 8. Give w(-6).
-4
Let t(h) = 3*h**3 - 2*h**2 + h + 2. Give t(2).
20
Let f(u) = u**3 + 6*u - 11. Give f(2).
9
Let h(x) = -x + 10. Determine h(0).
10
Let m(k) = -k**3 + 33*k**2 + 34*k - 5. Calculate m(34).
-5
Let m(a) = -a**2 + 66. Give m(-8).
2
Let c(i) = i**2 + 35*i - 120. Determine c(-38).
-6
Let g(q) = q**3 - 13*q**2 + 7*q + 2. Determine g(11).
-163
Let b(a) = a**3 + 2*a**2 - 9*a - 6. Determine b(-4).
-2
Let n(o) = -o**2 - 3*o - 1. Calculate n(-4).
-5
Let b(q) = q + 15. Calculate b(-20).
-5
Let t(i) = 41*i - 274. What is t(7)?
13
Let r(c) = c**3 + 21*c**2 - 43*c - 27. Calculate r(-23).
-96
Let k(x) = x**3 + 12*x**2 + 8*x + 3. Calculate k(-11).
36
Let u(g) = g**3 + 11*g**2 + 6*g - 26. Calculate u(-9).
82
Let m(t) = -2*t**3 + 18*t**2 - 2*t + 2. Calculate m(9).
-16
Let m(h) = -3*h**2 + 12*h + 194. What is m(10)?
14
Let y(i) = -i**3 - 9*i**2 - 13*i. Give y(-6).
-30
Let g(q) = -q**3 + 5*q**2 + 2*q + 2. Calculate g(6).
-22
Let f(x) = 2*x + 29. What is f(-12)?
5
Let t(k) = -k**3 + 4*k**2 + 5*k + 4. Give t(5).
4
Let v(x) = -x - 4. Determine v(-9).
5
Let t(v) = -v**2 + 20*v - 1. Determine t(19).
18
Let w(r) = -142*r + 1290. Give w(9).
12
Let b(u) = -u**3 - 6*u**2 - 7*u - 16. Give b(-4).
-20
Let g(l) = -3*l**2 - 81*l + 1. Calculate g(-27).
1
Let p(z) = -16*z**3 - z**2 - 2*z - 1. Calculate p(-1).
16
Let o(r) = r**3 + 10*r**2 - 8*r + 3. What is o(-12)?
-189
Let k(g) = -g**3 + 23*g**2 + 25*g - 11. Determine k(24).
13
Let g(n) = -15*n**2 - 120*n - 2. Determine g(-8).
-2
Let p(o) = 2*o**2 - 13*o - 22. Give p(9).
23
Let d(n) = -n**3 + n**2 + 7*n - 2. What is d(-3)?
13
Let b(q) = -q**3 - 5*q**2 + 7*q. Calculate b(-6).
-6
Let m(r) = -r**3 - 7*r**2 + 10*r - 3. Determine m(-8).
-19
Let r(l) = 20*l + 115. What is r(-6)?
-5
Let w(q) = -q**3 - 5*q**2 + q - 21. Determine w(-5).
-26
Let g(t) = -2*t + 8. Determine g(8).
-8
Let y(f) = -f**3 - 5*f**2 + 6*f. Give y(-6).
0
Let y(d) = d**2 + 7*d + 14. What is y(-5)?
4
Let z(o) = 5*o - 12. Give z(2).
-2
Let p(a) = -2*a**2 - 9*a + 17. Give p(-6).
-1
Let z(q) = -2*q - 38. Determine z(-18).
-2
Let f(x) = x**2 - 12*x + 27. Give f(9).
0
Let q(j) = 14*j + 30. Determine q(-3).
-12
Let t(q) = q**2 - 16*q + 40. Give t(11).
-15
Let k(l) = 2*l - 8. Calculate k(-3).
-14
Let o(z) = -z**2 - 10*z + 5. What is o(-10)?
5
Let i(c) = -10*c + 163. Calculate i(14).
23
Let v(k) = -k**3 - 3*k**2 + 11*k + 4. Give v(-5).
-1
Let m(g) = -g**2 - 3*g + 29. Calculate m(-6).
11
Let r(a) = -24*a + 931. What is r(39)?
-5
Let g(v) = -29*v - 599. What is g(-21)?
10
Let o(m) = -m**3 + 24*m**2 - 64*m + 62. Give o(21).
41
Let s(r) = -2*r**3 + 24*r**2 - 9*r + 12. What is s(12)?
-96
Let j(r) = 31*r - 6. Determine j(-1).
-37
Let m(t) = -2*t - 9. Calculate m(3).
-15
Let n(v) = 7*v + 39. What is n(-6)?
-3
Let q(h) = -2*h**3 + 2*h**2 + 3. Give q(2).
-5
Let h(p) = 3*p - 34. Calculate h(6).
-16
Let t(y) = -4*y**3 + 5*y**2 + 3*y - 1. What is t(-1)?
5
Let g(k) = -k**3 + 6*k**2 + 20*k + 18. Give g(9).
-45
Let r(h) = h**2 + 13*h + 10. What is r(-12)?
-2
Let o(m) = m**3 - 9*m**2 + 10*m + 6. Determine o(7).
-22
Let c(u) = u**3 - 9*u**2 - 34*u - 26. Give c(12).
-2
Let p(c) = c**2 - c - 5. Determine p(-5).
25
Let z(g) = 3*g - 7. What is z(0)?
-7
Let s(m) = m**3 + 6*m**2 + m - 5. Determine s(-6).
-11
Let l(y) = y**3 + 13*y**2 - 13*y + 9. Calculate l(-14).
-5
Let i(c) = -5*c - 2. Give i(1).
-7
Let z(b) = b**2 - 5*b - 19. Calculate z(7).
-5
Let q(a) = 6*a**2 - 15*a + 12. Give q(1).
3
Let u(n) = n**2 + 5*n + 28. Calculate u(-3).
22
Let s(x) = x + 28. Give s(-17).
11
Let n(g) = 3*g - 58. What is n(17)?
-7
Let b(i) = -i**3 + 2*i**2 - 2*i. Determine b(-1).
5
Let s(d) = -d - 18. Calculate s(12).
-30
Let n(q) = q**3 - 11*q**2 + 10*q + 3. Determine n(10).
3
Let z(y) = -13*y + 239. Give z(19).
-8
Let w(g) = 79*g**2 + 9*g - 8. Calculate w(1).
80
Let w(a) = -10*a + 25. Give w(10).
-75
Let z(b) = b**3 + 22*b**2 - 48*b + 14. Determine z(-24).
14
Let n(j) = 2*j**3 - 3*j**2 - 2*j - 4. Give n(3).
17
Let l(q) = -3*q - 15. What is l(-12)?
21
Let r(u) = -2*u**2 - 2*u. Calculate r(1).
-4
Let k(l) = 21*l**3 + l**2 + 2*l + 2. Determine k(-1).
-20
Let n(v) = 4*v**3 - 4*v**2 + 6*v - 7. Calculate n(3).
83
Let w(y) = y**2 + 4*y - 16. Determine w(-7).
5
Let d(y) = -9*y - 20. What is d(-10)?
70
Let c(r) = r**2 + 11*r - 10. Give c(-10).
-20
Let j(c) = c + 48. Determine j(-29).
19
Let y(q) = -26*q - 15. Calculate y(-3).
63
Let i(v) = 3*v - 4. Give i(4).
8
Let p(b) = -2*b - 85. Calculate p(-13).
-59
Let g(s) = s**3 + 6*s**2 - 4*s + 10. Give g(-7).
-11
Let g(s) = -s**3 + 9*s**2 - 13*s - 19. Determine g(7).
-12
Let w(a) = 8*a**2 + 95*a - 16. What is w(-12)?
-4
Let o(f) = -f**2 - 12*f + 28. Determine o(-13).
15
Let f(v) = -8*v - 1. What is f(1)?
-9
Let n(c) = c**2 - 4*c + 28. Give n(8).
60
Let l(a) = -a**3 + 27*a**2 + a - 59. What is l(27)?
-32
Let q(t) = t**2 + 18*t + 7. Determine q(-24).
151
Let z(t) = t**2 + 17*t - 14. Determine z(-11).
-80
Let f(o) = 13*o**2 + 2*o + 3. What is f(-2)?
51
Let v(d) = d**2 - 6*d - 7. What is v(5)?
-12
Let s(y) = 2*y**3 - 4*y**2 + 3*y - 1. What is s(3)?
26
Let s(v) = 263*v + 259. What is s(-1)?
-4
Let y(u) = -5*u**2 + 5*u - 2. What is y(3)?
-32
Let m(g) = -40*g - 474. Calculate m(-12).
6
Let z(c) = -c**3 - 6*c**2 - 7*c - 4. What is z(-5)?
6
Let f(k) = k**3 + 8*k**2 + 13*k - 4. Calculate f(-5).
6
Let t(w) = -w**3 - 4*w**2 + w - 27. What is t(-5)?
-7
Let h(v) = -v**2 - 9*v - 14. What is h(-5)?
6
Let v(h) = -h**3 - 10*h**2 - 3*h - 12. Determine v(-10).
18
Let l(z) = z**2 - z + 2. What is l(0)?
2
Let g(i) = -i**3 + 11*i**2 - 15*i - 13. What is g(9)?
14
Let s(g) = -40*g - 9. Calculate s(2).
-89
Let i(t) = -t - 9. Give i(-10).
1
Let y(p) = -3*p - 69. Give y(-11).
-36
Let p(c) = -c**3 + 11*c**2 - 12*c + 11. What is p(10)?
-9
Let s(d) = -d**2 - 3*d + 3. Calculate s(-5).
-7
Let n(h) = 7*h + 3. Calculate n(3).
24
Let b(d) = d**3 - 7*d**2 - 3*d - 36. Give b(8).
4
Let l(v) = -v**3 - 2*v**2 - 4*v - 13. Calculate l(0).
-13
Let d(m) = 10*m - 7. Give d(-5).
-57
Let u(l) = 3*l - 46. Determine u(18).
8
Let i(j) = 3*j - 47. What is i(15)?
-2
Let u(l) = l**3 + 2*l**2 - 1. Determine u(-2).
-1
Let w(r) = r**3 - 2*r**2 + r + 2. Determine w(-1).
-2
Let l(m) = m + 4. What is l(4)?
8
Let j(y) = -6*y + 15. Give j(6).
-21
Let k(q) = q**2 + 3*q - 136. Calculate k(-13).
-6
Let r(v) = -40*v - 172. Give r(-4).
-12
Let f(q) = -q**3 - 7*q**2 - 2*q - 25. Give f(-7).
-11
Let q(k) = 4*k + 24. Calculate q(-5).
4
Let h(c) = c**3 + 3*c**2 + 5*c + 1. What is h(-1)?
-2
Let s(h) = h**3 + 6*h**2 + 2*h - 5. Give s(-5).
10
Let w(d) = -d**2 + 5*d + 6. Calculate w(6).
0
Let m(k) = k**3 - 9*k**2 - 15*k + 28. Give m(10).
-22
Let b(z) = 9*z + 132. Give b(-14).
6
Let g(w) = -21*w - 75. Give g(-3).
-12
Let d(y) = y - 18. What is d(17)?
-1
Let b(d) = 2*d**2 - 10*d - 1. Give b(3).
-13
Let x(k) = k**3 + 34*k**2 - 37*k - 72. Give x(-35).
-2
Let b(l) = -l**3 + 3*l**2 + 8*l - 19. Calculate b(2).
1
Let o(q) = -4*q - 71. Calculate o(-19).
5
Let r(u) = u - 4. Calculate r(-2).
-6
Let g(f) = -f**3 + 11*f**2 + 21*f - 18. Give g(13).
-83
Let v(o) = 2*o - 21. Give v(9).
-3
Let o(h) = h**3 + 12*h**2 - 3*h - 31. Determine 